 is the greatest common factor of z and o?
2
Let a be (1 + -5 - -1)/((-30)/20). Suppose 2*f + a*i - 54 = 0, -8*f = -3*f + 4*i - 135. Calculate the greatest common factor of 9 and f.
9
Suppose m = a - 6, -4*m - m = 2*a - 5. Let p be -2*2/(-4) - (m + -22). Calculate the highest common divisor of p and 120.
24
Let a(s) = 2*s**2 + 5*s - 2. Let j be a(-4). Let q(l) = 164*l**2 + l. Let w be q(-1). Suppose 8*m - w = 717. Calculate the highest common divisor of m and j.
10
Let r(n) = 2*n**2 + 10*n + 2. Let u be (-10)/4*6/3. Let o be r(u). Let j be (-20)/5*3/(-2). Calculate the highest common divisor of o and j.
2
Suppose -13*h + 19*h = 30. Calculate the highest common divisor of h and 220.
5
Let x = 949 - 923. Let i(a) = 11*a**3 - 2*a**2 - 2. Let q be i(2). What is the greatest common divisor of x and q?
26
Let s = 26 + -30. Let p be (6/s)/((-13)/234). Suppose -2*b - 12 = -2*f + b, 5*f = -3*b + 9. Calculate the greatest common divisor of f and p.
3
Let s be 3/6 + (-351)/(-26). What is the highest common divisor of s and 378?
14
Suppose 32 = 3*c + 113. Let g = -23 - c. Suppose -g*p + 4*x + 16 = 0, -2*p - 3*x + 0*x = -3. What is the highest common divisor of p and 12?
3
Let y = -64 - -54. Let u be 10/(-4) - 5415/y. What is the highest common factor of 49 and u?
49
Suppose -107 = -2*s + 159. Suppose g = 3*g - 22. Suppose -v + 2*w = -27, 0 = v - 4*w + g - 46. What is the highest common factor of v and s?
19
Suppose -y + 267 = 5*b, -5*b + 177 = -2*b - 5*y. Suppose 0*x = -3*x. Suppose 18 = 3*a - x. What is the highest common divisor of a and b?
6
Suppose 338 = 2*u - 15*u. Let v(m) = 2*m**2 + 47*m - 10. Let r be v(u). Calculate the greatest common factor of r and 24.
24
Suppose -3*n + 248 = p - n, n - 1258 = -5*p. Suppose -7*o + p = 14*o. What is the greatest common factor of o and 300?
12
Suppose 2*f + 20 = 722. Let d(c) = -2*c**3 - 7*c**2 + 8*c + 4. Let q be d(-5). Calculate the highest common factor of f and q.
39
Let d = 20 - 9. Suppose 2*v - 12 = -2*v. Suppose -c - 185 = -v*c + 3*h, -2*h - 6 = 0. Calculate the highest common divisor of d and c.
11
Let j(f) = 710*f - 173. Let h be j(2). What is the greatest common factor of 43 and h?
43
Suppose -4*v + 7*v - 624 = 0. What is the highest common divisor of 8 and v?
8
Suppose -5*q = -17 - 3. Suppose 4*p - c = 4*c + 5, 5*p = 4*c + q. Let k(r) = -r**3 - r + 52. Let u be k(p). Calculate the highest common divisor of u and 13.
13
Let k(q) = 2*q - 3. Let m be 3/1 + 0 + 1. Let s be k(m). Suppose s*v = y + 4*y + 645, 5*y + 141 = v. Calculate the greatest common divisor of 14 and v.
14
Suppose 0 = 4*q - 6 - 2. Suppose -1 = -q*r + 7. Let j = 2 - 1. What is the highest common factor of r and j?
1
Let t(n) = n**3 + 6*n**2 - 20*n - 2. Let r be t(-8). Let g be ((-2)/4)/((-2)/12). Let z be (-2)/g - (-94)/6. What is the highest common factor of z and r?
15
Let t be -2 + (4*-1)/(25/(-100)). Let u be (-8480)/(-55) + 4/(-22). Calculate the greatest common divisor of t and u.
14
Let n = 10 + -5. Let h = 63 - -2. Let l = h - 10. What is the greatest common divisor of n and l?
5
Suppose -450 = -a + 4*a. Let m = -96 - a. Let j(w) = 4*w - 66. Let n be j(18). What is the greatest common divisor of n and m?
6
Suppose 0*z = -5*l - 4*z + 92, 3*z + 6 = 0. Let j = l + -16. Calculate the highest common factor of j and 32.
4
Suppose -14*y + 3278 + 2812 = 0. Calculate the highest common factor of 45 and y.
15
Let a(o) = 169*o - 61. Let r be a(1). Calculate the greatest common divisor of 180 and r.
36
Let a(w) = 3*w**3 - 8*w**2 - 3*w + 8. Let v be a(7). Calculate the greatest common factor of v and 48.
48
Let t(o) be the third derivative of 17*o**4/12 + o**3/2 + 20*o**2. Let q be t(1). What is the highest common factor of q and 407?
37
Let f(a) = -115*a + 10. Let w be f(2). Let z be ((-4)/(-10))/((-1104)/w - 5). What is the greatest common factor of 11 and z?
11
Suppose 17 = 3*f - 4*s, -4*s + 7 - 3 = 4*f. Suppose -2*q - 1 = -f. What is the greatest common factor of 7 and q?
1
Suppose 54 + 226 = 5*a. Let z = 70 + -43. Let h = z + -19. What is the greatest common factor of h and a?
8
Let g = 102 - -38. Let x(p) = -12*p + 95. Let j be x(5). What is the highest common divisor of j and g?
35
Let h(x) = -14*x. Let c be h(-1). Suppose -5*y + 2*y = -9. Suppose 4*f = i + 166, -2*i = f + y*i - 52. What is the highest common divisor of c and f?
14
Suppose 3*u - b - 969 = 0, 0 = -5*u - 2*b + 7*b + 1615. What is the greatest common factor of 19 and u?
19
Let o(d) be the first derivative of d**4/2 + 9*d**3 + 7*d**2 + 31*d + 10. Let b be o(-13). What is the greatest common factor of 45 and b?
9
Suppose g + 53 = 2*q + 6*g, -g = -2*q + 47. What is the highest common factor of q and 84?
12
Suppose 4*j = 22 - 6. Suppose -2*h + 50 = b, 4*b - 175 = -j*h + h. What is the highest common factor of 16 and b?
8
Let p be (26/(-5))/((-32)/160). What is the highest common divisor of p and 78?
26
Let z be (-1 + 5)*-1 + 18. Let p be (-12)/(-10)*210/z. Calculate the highest common factor of p and 36.
18
Let v = 2 + 0. Suppose -4*g + 3*u = -37, 4*g + v*u = 2*g + 22. Suppose -4*h = 11 - 27. Calculate the greatest common divisor of h and g.
2
Suppose -6*p + 110 = -2002. What is the greatest common divisor of 32 and p?
32
Let a = 273 + -42. Calculate the highest common divisor of a and 42.
21
Suppose 1856 = 4*u + 2*z, 0 = 2*u - 0*u - 2*z - 916. What is the highest common factor of u and 84?
42
Suppose 15*q = -656 + 6506. Calculate the greatest common factor of 120 and q.
30
Let b(o) = o - 1. Let s be b(6). Suppose -4*c - 524 = 3*d - s*d, -1317 = -5*d + 3*c. Suppose -d = -4*j + 24. Calculate the highest common factor of 18 and j.
18
Let t be 4 + 1 - 2 - -2. Suppose t*a - 96 = -a. What is the highest common factor of a and 2?
2
Suppose 0 = -2*n + 1 - 3. Let l be (n - -4)/(1/27). Suppose 4*y = -20 + 128. What is the greatest common divisor of l and y?
27
Suppose -610*f + 625*f = 90. What is the highest common divisor of f and 303?
3
Let l be (-199)/(-11) - (-24)/(-264). Calculate the greatest common factor of l and 126.
18
Suppose -4*g + 27 = -g. Let f(v) = g - 2*v - 4*v + 5 + 3*v. Let s be f(-7). Calculate the highest common factor of s and 5.
5
Let u(p) = -p**3 + 15*p**2 - 35*p - 24. Let k be u(11). Calculate the greatest common divisor of 350 and k.
25
Suppose -10 = -2*f, -5*g + 2*g - 2*f + 2830 = 0. Calculate the highest common factor of 20 and g.
20
Suppose 49*r - 47*r = 360. What is the greatest common divisor of r and 9?
9
Suppose 3*o + n = 494, 2*n + 496 = 5*o - 331. What is the highest common factor of 15 and o?
15
Let f be (-784)/(-12) + (-4)/(-6). Let t = -104 + 65. Let r = f + t. What is the greatest common factor of r and 108?
27
Let c be (17556/(-63))/((-2)/3). Calculate the greatest common factor of c and 38.
38
Let q be (-2452)/(-34) - (6 - (-100)/(-17)). Let m = -37 + q. What is the greatest common divisor of m and 7?
7
Let a be 2/(0 + 4/10). Suppose 0 = -7*c - 45 + 507. Let b = 86 - c. Calculate the highest common factor of a and b.
5
Let y = -42 - -69. Let u = 39 - y. What is the highest common divisor of 60 and u?
12
Suppose -785*h + 126 = -778*h. Calculate the highest common divisor of 3438 and h.
18
Suppose -3*o = 5*w - 94, 5*w - 8*w = 4*o - 118. Calculate the highest common divisor of o and 154.
14
Let o(j) = -4*j - 4. Let f be o(-5). Let v(s) = 2*s - 2. Let b be v(2). What is the greatest common divisor of f and b?
2
Let r(d) = -68*d**2 - 229*d + 2. Let v be r(-3). Calculate the highest common divisor of v and 1771.
77
Let d be (-160)/(-14) - (-92)/161. What is the greatest common factor of d and 22?
2
Suppose 22*p - 20*p = 78. Let i be 0 - (60/5)/(-2). Calculate the highest common divisor of i and p.
3
Let h = -310 - -236. Let a = 104 + h. Let o(x) = 2*x**2 - 2*x - 2. Let l be o(-2). Calculate the greatest common divisor of l and a.
10
Let i be 228/24*(1 - -1). Let g = -14 + i. What is the greatest common factor of 45 and g?
5
Let p = 1518 + -1343. What is the greatest common divisor of p and 7?
7
Let q be 9/(-1) - 0*(-1 - 0). Let a(j) = j**2 + 6*j + 39. Let t be a(q). Calculate the highest common factor of t and 12.
6
Let j(o) = -19*o - 31. Let m be j(-4). Calculate the highest common divisor of m and 25.
5
Suppose 1 - 5 = -2*q. Suppose 0 = -4*l + 